{"id":124,"date":"2023-10-08T13:48:08","date_gmt":"2023-10-08T13:48:08","guid":{"rendered":"https:\/\/kuhpension-schoenau.ch\/?page_id=124"},"modified":"2023-10-08T15:23:23","modified_gmt":"2023-10-08T15:23:23","slug":"freilaufbox","status":"publish","type":"page","link":"https:\/\/kuhpension-schoenau.ch\/index.php\/freilaufbox\/","title":{"rendered":"Freilaufbox"},"content":{"rendered":"<p>Wenn von Tier\u00e4rztin\/Tierarzt empfohlen, oder solange noch kein gefordertes Gesundheitsattest vorliegt, kann ein Tier vor\u00fcbergehend in einer Freilaufbox untergebracht werden. Selbstverst\u00e4ndlich sind wir bem\u00fcht darum, einen solchen Aufenthalt so kurz wie m\u00f6glich zu gestalten. Die Freilaufbox ist in Sichtweite zu den Herdentieren, aber in gen\u00fcgendem und sicheren Abstand, damit keine allf\u00e4lligen Krankheitserreger und\/oder Parasiten \u00fcbertragen werden k\u00f6nnen.<\/p>\n<p>&nbsp;<\/p>\n<p>&nbsp;<\/p>\n<p>&nbsp;<\/p>\n<p>&nbsp;<\/p>\n<p>&nbsp;<\/p>\n<p>&nbsp;<\/p>\n<p>&nbsp;<\/p>\n<p>&nbsp;<\/p>\n","protected":false},"excerpt":{"rendered":"<p>Wenn von Tier\u00e4rztin\/Tierarzt empfohlen, oder solange noch kein gefordertes Gesundheitsattest vorliegt, kann ein Tier vor\u00fcbergehend in einer Freilaufbox untergebracht werden. Selbstverst\u00e4ndlich sind wir bem\u00fcht darum, einen solchen Aufenthalt so kurz wie m\u00f6glich zu gestalten. Die Freilaufbox ist in Sichtweite zu den Herdentieren, aber in gen\u00fcgendem und sicheren Abstand, damit keine allf\u00e4lligen Krankheitserreger und\/oder Parasiten \u00fcbertragen &hellip; <\/p>\n<p class=\"link-more\"><a href=\"https:\/\/kuhpension-schoenau.ch\/index.php\/freilaufbox\/\" class=\"more-link\">Mehr <span class=\"screen-reader-text\">\u00fcber &#8222;Freilaufbox&#8220; <\/span>Lesen<\/a><\/p>\n","protected":false},"author":1,"featured_media":0,"parent":0,"menu_order":0,"comment_status":"closed","ping_status":"closed","template":"","meta":{"ngg_post_thumbnail":0,"footnotes":""},"class_list":["post-124","page","type-page","status-publish","hentry"],"_links":{"self":[{"href":"https:\/\/kuhpension-schoenau.ch\/index.php\/wp-json\/wp\/v2\/pages\/124","targetHints":{"allow":["GET"]}}],"collection":[{"href":"https:\/\/kuhpension-schoenau.ch\/index.php\/wp-json\/wp\/v2\/pages"}],"about":[{"href":"https:\/\/kuhpension-schoenau.ch\/index.php\/wp-json\/wp\/v2\/types\/page"}],"author":[{"embeddable":true,"href":"https:\/\/kuhpension-schoenau.ch\/index.php\/wp-json\/wp\/v2\/users\/1"}],"replies":[{"embeddable":true,"href":"https:\/\/kuhpension-schoenau.ch\/index.php\/wp-json\/wp\/v2\/comments?post=124"}],"version-history":[{"count":5,"href":"https:\/\/kuhpension-schoenau.ch\/index.php\/wp-json\/wp\/v2\/pages\/124\/revisions"}],"predecessor-version":[{"id":217,"href":"https:\/\/kuhpension-schoenau.ch\/index.php\/wp-json\/wp\/v2\/pages\/124\/revisions\/217"}],"wp:attachment":[{"href":"https:\/\/kuhpension-schoenau.ch\/index.php\/wp-json\/wp\/v2\/media?parent=124"}],"curies":[{"name":"wp","href":"https:\/\/api.w.org\/{rel}","templated":true}]}}