{"id":122,"date":"2023-10-08T13:47:56","date_gmt":"2023-10-08T13:47:56","guid":{"rendered":"https:\/\/kuhpension-schoenau.ch\/?page_id=122"},"modified":"2023-10-08T14:51:02","modified_gmt":"2023-10-08T14:51:02","slug":"kaution-und-kuendigung","status":"publish","type":"page","link":"https:\/\/kuhpension-schoenau.ch\/index.php\/kaution-und-kuendigung\/","title":{"rendered":"Kaution und K\u00fcndigung"},"content":{"rendered":"<p>Eine Kaution wird begr\u00fcndet, um m\u00f6gliche Zahlungsausf\u00e4lle seitens Besitzer abzudecken. Die H\u00f6he einer allf\u00e4lligen Kaution betr\u00e4gt pro Tier drei (3) Monatsmieten. Die erhobene Kaution wird vollumf\u00e4nglich zur\u00fcckerstattet, wenn die Pensionsvereinbarung aufgel\u00f6st wird und keine ausstehenden Zahlungsverpflichtungen seitens Besitzer bestehen.<\/p>\n<p>&nbsp;<\/p>\n<p>K\u00fcndigung<\/p>\n<p>Die Besitzerin\/der Besitzer darf und kann den Pensionsvertrag zu jederzeit und ohne K\u00fcndigungsfrist aufl\u00f6sen. Es bestehen jedoch keine Anspr\u00fcche auf R\u00fcckverg\u00fctung von allenfalls bereits geleisteten Pensionsbeitr\u00e4gen. Der Vermieter seinerseits gew\u00e4hrt eine 30-t\u00e4gige K\u00fcndigungsfrist auf jeweils das Ende eines Monates.<\/p>\n<p>&nbsp;<\/p>\n<p>&nbsp;<\/p>\n<p>&nbsp;<\/p>\n","protected":false},"excerpt":{"rendered":"<p>Eine Kaution wird begr\u00fcndet, um m\u00f6gliche Zahlungsausf\u00e4lle seitens Besitzer abzudecken. Die H\u00f6he einer allf\u00e4lligen Kaution betr\u00e4gt pro Tier drei (3) Monatsmieten. Die erhobene Kaution wird vollumf\u00e4nglich zur\u00fcckerstattet, wenn die Pensionsvereinbarung aufgel\u00f6st wird und keine ausstehenden Zahlungsverpflichtungen seitens Besitzer bestehen. &nbsp; K\u00fcndigung Die Besitzerin\/der Besitzer darf und kann den Pensionsvertrag zu jederzeit und ohne K\u00fcndigungsfrist aufl\u00f6sen. &hellip; <\/p>\n<p class=\"link-more\"><a href=\"https:\/\/kuhpension-schoenau.ch\/index.php\/kaution-und-kuendigung\/\" class=\"more-link\">Mehr <span class=\"screen-reader-text\">\u00fcber &#8222;Kaution und K\u00fcndigung&#8220; <\/span>Lesen<\/a><\/p>\n","protected":false},"author":1,"featured_media":0,"parent":0,"menu_order":0,"comment_status":"closed","ping_status":"closed","template":"","meta":{"ngg_post_thumbnail":0,"footnotes":""},"class_list":["post-122","page","type-page","status-publish","hentry"],"_links":{"self":[{"href":"https:\/\/kuhpension-schoenau.ch\/index.php\/wp-json\/wp\/v2\/pages\/122","targetHints":{"allow":["GET"]}}],"collection":[{"href":"https:\/\/kuhpension-schoenau.ch\/index.php\/wp-json\/wp\/v2\/pages"}],"about":[{"href":"https:\/\/kuhpension-schoenau.ch\/index.php\/wp-json\/wp\/v2\/types\/page"}],"author":[{"embeddable":true,"href":"https:\/\/kuhpension-schoenau.ch\/index.php\/wp-json\/wp\/v2\/users\/1"}],"replies":[{"embeddable":true,"href":"https:\/\/kuhpension-schoenau.ch\/index.php\/wp-json\/wp\/v2\/comments?post=122"}],"version-history":[{"count":4,"href":"https:\/\/kuhpension-schoenau.ch\/index.php\/wp-json\/wp\/v2\/pages\/122\/revisions"}],"predecessor-version":[{"id":181,"href":"https:\/\/kuhpension-schoenau.ch\/index.php\/wp-json\/wp\/v2\/pages\/122\/revisions\/181"}],"wp:attachment":[{"href":"https:\/\/kuhpension-schoenau.ch\/index.php\/wp-json\/wp\/v2\/media?parent=122"}],"curies":[{"name":"wp","href":"https:\/\/api.w.org\/{rel}","templated":true}]}}